culate the remainder when 10228 is divided by 11.
9
What is the remainder when 3281157 is divided by 740?
737
Calculate the remainder when 1044038 is divided by 69.
68
Calculate the remainder when 819 is divided by 173.
127
Calculate the remainder when 225163 is divided by 174.
7
What is the remainder when 84 is divided by 40?
4
Calculate the remainder when 24497 is divided by 874.
25
Calculate the remainder when 1581 is divided by 177.
165
What is the remainder when 20272 is divided by 53?
26
Calculate the remainder when 1065130 is divided by 68.
46
Calculate the remainder when 69152 is divided by 23047.
11
Calculate the remainder when 16859 is divided by 292.
215
What is the remainder when 2402 is divided by 258?
80
What is the remainder when 80739 is divided by 106?
73
What is the remainder when 40606 is divided by 131?
127
What is the remainder when 478684 is divided by 102?
100
What is the remainder when 3506 is divided by 501?
500
What is the remainder when 1613 is divided by 1583?
30
What is the remainder when 18005 is divided by 1081?
709
Calculate the remainder when 6501 is divided by 7.
5
What is the remainder when 10211 is divided by 70?
61
Calculate the remainder when 2444 is divided by 103.
75
Calculate the remainder when 434942 is divided by 35.
32
Calculate the remainder when 62521 is divided by 96.
25
What is the remainder when 84908 is divided by 1011?
995
What is the remainder when 21976 is divided by 198?
196
What is the remainder when 24376 is divided by 212?
208
Calculate the remainder when 58411 is divided by 958.
931
Calculate the remainder when 551 is divided by 88.
23
What is the remainder when 5740 is divided by 1421?
56
Calculate the remainder when 512 is divided by 198.
116
What is the remainder when 7901 is divided by 7894?
7
What is the remainder when 443088 is divided by 49231?
9
Calculate the remainder when 2357 is divided by 295.
292
What is the remainder when 49954 is divided by 10?
4
Calculate the remainder when 4436 is divided by 26.
16
Calculate the remainder when 665128 is divided by 488.
472
What is the remainder when 296720 is divided by 70?
60
Calculate the remainder when 76318 is divided by 144.
142
What is the remainder when 55871 is divided by 97?
96
What is the remainder when 6447 is divided by 1900?
747
Calculate the remainder when 103259 is divided by 3687.
23
What is the remainder when 108236 is divided by 165?
161
Calculate the remainder when 4328920 is divided by 78.
76
What is the remainder when 26038 is divided by 13014?
10
Calculate the remainder when 869 is divided by 593.
276
Calculate the remainder when 1209 is divided by 151.
1
What is the remainder when 1608 is divided by 318?
18
What is the remainder when 437339 is divided by 19?
16
What is the remainder when 2628673 is divided by 493?
490
What is the remainder when 2906137 is divided by 20?
17
Calculate the remainder when 98737 is divided by 16453.
19
What is the remainder when 1946 is divided by 25?
21
Calculate the remainder when 48667 is divided by 133.
122
What is the remainder when 2195 is divided by 224?
179
Calculate the remainder when 9532297 is divided by 25.
22
What is the remainder when 2918 is divided by 658?
286
What is the remainder when 496463 is divided by 248227?
9
What is the remainder when 80357 is divided by 2678?
17
Calculate the remainder when 150920 is divided by 24.
8
Calculate the remainder when 67044 is divided by 8.
4
Calculate the remainder when 1104892 is divided by 38.
4
Calculate the remainder when 2271569 is divided by 1149.
1145
What is the remainder when 5227 is divided by 49?
33
Calculate the remainder when 1859 is divided by 183.
29
What is the remainder when 9392 is divided by 362?
342
What is the remainder when 3248 is divided by 1618?
12
Calculate the remainder when 278737 is divided by 46455.
7
What is the remainder when 7850 is divided by 14?
10
What is the remainder when 2882256 is divided by 193?
187
Calculate the remainder when 7017 is divided by 500.
17
What is the remainder when 545271 is divided by 181754?
9
Calculate the remainder when 91554 is divided by 188.
186
Calculate the remainder when 11365 is divided by 322.
95
Calculate the remainder when 2986 is divided by 490.
46
What is the remainder when 1097 is divided by 274?
1
Calculate the remainder when 10180 is divided by 97.
92
What is the remainder when 248927 is divided by 27658?
5
What is the remainder when 54537 is divided by 380?
197
Calculate the remainder when 85566 is divided by 11.
8
What is the remainder when 6131 is divided by 233?
73
Calculate the remainder when 4302 is divided by 1153.
843
What is the remainder when 1437496 is divided by 479163?
7
Calculate the remainder when 24125 is divided by 3015.
5
Calculate the remainder when 19031 is divided by 586.
279
Calculate the remainder when 24001 is divided by 174.
163
Calculate the remainder when 10884 is divided by 10830.
54
Calculate the remainder when 3931 is divided by 302.
5
Calculate the remainder when 9483 is divided by 1877.
98
What is the remainder when 1464 is divided by 200?
64
What is the remainder when 21889 is divided by 2432?
1
What is the remainder when 4716342 is divided by 136?
134
Calculate the remainder when 150 is divided by 19.
17
Calculate the remainder when 48853 is divided by 26.
25
Calculate the remainder when 2837 is divided by 467.
35
Calculate the remainder when 821875 is divided by 1214.
1211
What is the remainder when 163874 is divided by 54620?
14
Calculate the remainder when 250113 is divided by 19.
16
Calculate the remainder when 16203 is divided by 897.
57
What is the remainder when 4911 is divided by 1624?
39
Calculate the remainder when 497 is divided by 247.
3
What is the remainder when 20684 is divided by 4067?
349
Calculate the remainder when 1841 is divided by 305.
11
Calculate the remainder when 840 is divided by 144.
120
Calculate the remainder when 1390444 is divided by 334.
2
What is the remainder when 674 is divided by 86?
72
What is the remainder when 4160374 is divided by 216?
214
Calculate the remainder when 185986 is divided by 22.
20
Calculate the remainder when 7817 is divided by 2602.
11
Calculate the remainder when 2202 is divided by 540.
42
What is the remainder when 82470 is divided by 887?
866
What is the remainder when 198695 is divided by 17?
16
What is the remainder when 14085 is divided by 2817?
0
What is the remainder when 7076 is divided by 169?
147
What is the remainder when 2982916 is divided by 8?
4
What is the remainder when 4036 is divided by 807?
1
What is the remainder when 1860 is divided by 255?
75
What is the remainder when 3839 is divided by 1914?
11
Calculate the remainder when 13155 is divided by 286.
285
Calculate the remainder when 4224 is divided by 184.
176
What is the remainder when 146264 is divided by 68?
64
Calculate the remainder when 55858 is divided by 48.
34
What is the remainder when 4227 is divided by 2045?
137
What is the remainder when 37904 is divided by 12633?
5
What is the remainder when 12377 is divided by 4105?
62
What is the remainder when 21540 is divided by 1954?
46
Calculate the remainder when 28921 is divided by 14457.
7
Calculate the remainder when 355094 is divided by 952.
950
Calculate the remainder when 1630 is divided by 292.
170
Calculate the remainder when 1496 is divided by 280.
96
Calculate the remainder when 340089 is divided by 113360.
9
What is the remainder when 1513 is divided by 769?
744
Calculate the remainder when 803 is divided by 348.
107
What is the remainder when 1577 is divided by 3?
2
What is the remainder when 1005 is divided by 22?
15
Calculate the remainder when 344 is divided by 130.
84
Calculate the remainder when 4469 is divided by 1472.
53
What is the remainder when 2885 is divided by 70?
15
Calculate the remainder when 42188 is divided by 9.
5
What is the remainder when 1338 is divided by 149?
146
What is the remainder when 25186 is divided by 20?
6
What is the remainder when 24108 is divided by 3?
0
Calculate the remainder when 20816 is divided by 229.
206
What is the remainder when 189990 is divided by 94993?
4
Calculate the remainder when 765 is divided by 699.
66
Calculate the remainder when 64068 is divided by 2785.
13
What is the 